ommon factor of 260 and 52?
52
Calculate the greatest common factor of 24 and 1608.
24
What is the highest common factor of 3550 and 100?
50
What is the highest common divisor of 99 and 1287?
99
Calculate the greatest common divisor of 76 and 4.
4
Calculate the greatest common divisor of 162 and 216.
54
Calculate the greatest common factor of 40 and 9220.
20
Calculate the highest common factor of 1085 and 1240.
155
Calculate the highest common factor of 14 and 203.
7
What is the greatest common factor of 1271 and 41?
41
Calculate the greatest common divisor of 42947 and 67.
67
Calculate the greatest common factor of 25 and 3335.
5
What is the highest common divisor of 105 and 147?
21
What is the greatest common factor of 66 and 3696?
66
Calculate the greatest common factor of 775 and 4805.
155
What is the greatest common factor of 221 and 13?
13
What is the greatest common divisor of 7 and 377?
1
What is the greatest common factor of 55 and 55?
55
Calculate the greatest common factor of 386 and 15633.
193
Calculate the greatest common factor of 124 and 6634.
62
Calculate the greatest common factor of 1480 and 2368.
296
What is the greatest common divisor of 48 and 30?
6
Calculate the highest common divisor of 2139 and 155.
31
Calculate the greatest common divisor of 84 and 476.
28
What is the highest common factor of 3 and 219?
3
What is the highest common divisor of 465 and 651?
93
Calculate the highest common divisor of 1034 and 44.
22
Calculate the greatest common factor of 993 and 57.
3
Calculate the greatest common factor of 306 and 510.
102
Calculate the highest common factor of 44 and 286.
22
What is the greatest common divisor of 22 and 4?
2
What is the highest common factor of 64 and 12?
4
What is the highest common factor of 112 and 28?
28
Calculate the highest common factor of 66 and 121.
11
What is the greatest common divisor of 63 and 153?
9
What is the highest common divisor of 1665 and 6845?
185
Calculate the highest common divisor of 1 and 829.
1
Calculate the greatest common factor of 19468 and 31.
31
What is the highest common factor of 284 and 1?
1
Calculate the greatest common divisor of 3 and 159.
3
What is the highest common factor of 2076 and 4?
4
Calculate the greatest common divisor of 552 and 72.
24
Calculate the highest common factor of 107 and 2140.
107
Calculate the highest common divisor of 18 and 318.
6
What is the greatest common factor of 736 and 276?
92
What is the greatest common factor of 2501 and 244?
61
What is the greatest common factor of 166 and 11703?
83
Calculate the greatest common factor of 69 and 2944.
23
Calculate the greatest common divisor of 28 and 154.
14
Calculate the greatest common divisor of 544 and 32.
32
What is the greatest common factor of 487 and 3?
1
Calculate the highest common factor of 19 and 2527.
19
What is the greatest common divisor of 1083 and 456?
57
What is the greatest common divisor of 264 and 216?
24
What is the greatest common factor of 110 and 44?
22
Calculate the greatest common divisor of 45 and 765.
45
What is the greatest common factor of 24 and 123?
3
What is the highest common divisor of 396 and 77?
11
Calculate the greatest common divisor of 2120 and 280.
40
Calculate the highest common divisor of 12 and 192.
12
Calculate the highest common divisor of 20 and 170.
10
Calculate the greatest common factor of 150 and 1110.
30
What is the highest common divisor of 80 and 2710?
10
What is the greatest common factor of 89 and 979?
89
Calculate the greatest common factor of 714 and 462.
42
What is the highest common factor of 13 and 4?
1
What is the highest common factor of 1464 and 108?
12
What is the greatest common divisor of 37 and 3293?
37
What is the greatest common divisor of 48 and 36144?
48
What is the greatest common factor of 104 and 364?
52
Calculate the highest common factor of 1332 and 36.
36
What is the greatest common divisor of 262 and 5?
1
Calculate the greatest common divisor of 125 and 10525.
25
What is the highest common factor of 1670 and 10?
10
Calculate the greatest common divisor of 3 and 303.
3
What is the highest common factor of 37906 and 22?
22
Calculate the highest common factor of 109 and 12317.
109
Calculate the greatest common divisor of 18 and 123.
3
Calculate the highest common factor of 39078 and 117.
117
Calculate the greatest common factor of 65 and 39.
13
What is the greatest common factor of 26 and 351?
13
Calculate the greatest common factor of 375 and 120.
15
What is the greatest common factor of 12001 and 22?
11
Calculate the greatest common factor of 135 and 1275.
15
Calculate the highest common factor of 90 and 60.
30
What is the highest common divisor of 213 and 4189?
71
What is the highest common divisor of 312 and 1950?
78
Calculate the greatest common divisor of 2583 and 35.
7
What is the highest common factor of 47 and 47?
47
What is the highest common divisor of 19728 and 18?
18
Calculate the highest common divisor of 44 and 3773.
11
Calculate the greatest common divisor of 4930 and 204.
34
Calculate the highest common factor of 854 and 28.
14
What is the greatest common factor of 28 and 322?
14
What is the greatest common factor of 8 and 54?
2
What is the highest common divisor of 198 and 4686?
66
Calculate the highest common factor of 852 and 12.
12
Calculate the highest common factor of 20 and 35.
5
Calculate the greatest common divisor of 280 and 880.
40
What is the greatest common divisor of 1230 and 5?
5
What is the highest common factor of 21 and 77?
7
What is the greatest common divisor of 85 and 5?
5
Calculate the highest common divisor of 16 and 2384.
16
Calculate the greatest common divisor of 240 and 285.
15
What is the highest common divisor of 3817 and 11?
11
Calculate the greatest common divisor of 14 and 490.
14
What is the greatest common factor of 16163 and 21?
7
What is the highest common factor of 290 and 145?
145
Calculate the greatest common divisor of 581 and 35.
7
What is the highest common factor of 8 and 416?
8
Calculate the greatest common factor of 361 and 1.
1
What is the highest common factor of 108 and 2484?
108
Calculate the greatest common divisor of 405 and 2175.
15
Calculate the greatest common factor of 27 and 9.
9
What is the greatest common divisor of 9265 and 85?
85
What is the highest common divisor of 70 and 1022?
14
What is the highest common factor of 28902 and 6?
6
What is the highest common factor of 5 and 760?
5
Calculate the highest common divisor of 21 and 7.
7
Calculate the highest common divisor of 3427 and 92.
23
Calculate the highest common divisor of 224 and 7.
7
Calculate the highest common factor of 254 and 6.
2
Calculate the highest common divisor of 588 and 504.
84
What is the greatest common factor of 34 and 272?
34
Calculate the greatest common factor of 336 and 1113.
21
What is the greatest common divisor of 108 and 540?
108
Calculate the highest common factor of 190 and 2375.
95
What is the highest common divisor of 150 and 48?
6
What is the highest common factor of 5313 and 693?
231
Calculate the greatest common factor of 216 and 876.
12
What is the highest common factor of 5112 and 9?
9
Calculate the greatest common divisor of 750 and 30.
30
Calculate the highest common divisor of 299 and 23.
23
Calculate the highest common divisor of 66 and 732.
6
Calculate the highest common divisor of 90 and 6390.
90
Calculate the highest common divisor of 16 and 14.
2
What is the greatest common divisor of 46 and 1081?
23
What is the greatest common divisor of 38 and 76?
38
Calculate the greatest common divisor of 5 and 35.
5
Calculate the highest common factor of 119 and 224.
7
Calculate the highest common factor of 26 and 286.
26
What is the greatest common divisor of 8 and 128?
8
What is the highest common factor of 35 and 140?
35
Calculate the greatest common factor of 85 and 25.
5
Calculate the greatest common divisor of 451 and 88.
11
Calculate the greatest common factor of 43 and 559.
43
Calculate the highest common factor of 7 and 35.
7
Calculate the highest common divisor of 4070 and 440.
110
What is the highest common divisor of 228 and 1026?
114
What is the greatest common divisor of 15 and 20?
5
Calculate the highest common factor of 132 and 96.
12
What 